{"id":1800,"date":"2020-11-19T12:04:27","date_gmt":"2020-11-19T15:04:27","guid":{"rendered":"http:\/\/i9md.com.br\/pet\/?post_type=product&#038;p=1800"},"modified":"2021-12-01T16:34:08","modified_gmt":"2021-12-01T19:34:08","slug":"shampoo-para-filhotes-astor","status":"publish","type":"product","link":"https:\/\/latidosemiadosvet.com.br\/loja\/produto\/shampoo-para-filhotes-astor\/","title":{"rendered":"Shampoo para Filhotes Astor"},"content":{"rendered":"<ul>\n<li><b>Indica\u00e7\u00e3o:<\/b>\u00a0P\u00ealos Longos, P\u00ealos Escuros, P\u00ealos Claros e P\u00ealos Curtos<\/li>\n<li><b>Pet:<\/b>\u00a0Cachorros e Gatos<\/li>\n<li><b>Porte de Ra\u00e7a:<\/b>\u00a0Pequeno, M\u00e9dio e Grande<\/li>\n<li><b>Idade:<\/b>\u00a0Filhote<\/li>\n<li><b>Fragr\u00e2ncia:<\/b>\u00a0Suave<\/li>\n<li><b>Composi\u00e7\u00e3o:<\/b>\u00a0Extrato de cal\u00eandula, extrato de ch\u00e1 verde, igredientes hipoalerg\u00eanicos, PH neutro, n\u00e3o cont\u00e9m corantes<\/li>\n<li><b>Tipo:<\/b>\u00a0Shampoo<\/li>\n<\/ul>\n","protected":false},"excerpt":{"rendered":"<p>&#8211; Indicado para c\u00e3es e gatos;<br \/>\n&#8211; Ideal para filhotes;<br \/>\n&#8211; Conta com f\u00f3rmula leve para peles sens\u00edveis;<br \/>\n&#8211; Cont\u00e9m ingredientes hipoalerg\u00eanicos<\/p>\n","protected":false},"featured_media":1801,"template":"","meta":[],"_links":{"self":[{"href":"https:\/\/latidosemiadosvet.com.br\/loja\/wp-json\/wp\/v2\/product\/1800"}],"collection":[{"href":"https:\/\/latidosemiadosvet.com.br\/loja\/wp-json\/wp\/v2\/product"}],"about":[{"href":"https:\/\/latidosemiadosvet.com.br\/loja\/wp-json\/wp\/v2\/types\/product"}],"version-history":[{"count":1,"href":"https:\/\/latidosemiadosvet.com.br\/loja\/wp-json\/wp\/v2\/product\/1800\/revisions"}],"predecessor-version":[{"id":1802,"href":"https:\/\/latidosemiadosvet.com.br\/loja\/wp-json\/wp\/v2\/product\/1800\/revisions\/1802"}],"wp:featuredmedia":[{"embeddable":true,"href":"https:\/\/latidosemiadosvet.com.br\/loja\/wp-json\/wp\/v2\/media\/1801"}],"wp:attachment":[{"href":"https:\/\/latidosemiadosvet.com.br\/loja\/wp-json\/wp\/v2\/media?parent=1800"}],"curies":[{"name":"wp","href":"https:\/\/api.w.org\/{rel}","templated":true}]}}