{"id":1778,"date":"2020-11-19T11:06:40","date_gmt":"2020-11-19T14:06:40","guid":{"rendered":"http:\/\/i9md.com.br\/pet\/?post_type=product&#038;p=1778"},"modified":"2021-12-01T16:34:13","modified_gmt":"2021-12-01T19:34:13","slug":"racao-royal-canin-mini-light","status":"publish","type":"product","link":"https:\/\/latidosemiadosvet.com.br\/loja\/produto\/racao-royal-canin-mini-light\/","title":{"rendered":"Ra\u00e7\u00e3o Royal Canin Mini Light"},"content":{"rendered":"<ul>\n<li><b>Linha:<\/b>\u00a0Super Premium<\/li>\n<li><b>Indica\u00e7\u00e3o:<\/b>\u00a0Obesidade<\/li>\n<li><b>Pet:<\/b>\u00a0Cachorros<\/li>\n<li><b>Porte de Ra\u00e7a:<\/b>\u00a0Pequeno<\/li>\n<li><b>Idade:<\/b>\u00a0Adulto<\/li>\n<li><b>Composi\u00e7\u00e3o:<\/b>\u00a0Farinha de v\u00edsceras de aves, milho integral mo\u00eddo*, quirera de arroz, aveia descascada, gordura de frango, polpa de beterraba, casca de ervilha, psyllium, gl\u00faten de milho*, gl\u00faten de trigo, \u00f3leo de peixe refinado, \u00f3leo de soja refinado*, \u00f3leo de borragem, polifen\u00f3is de uva e ch\u00e1 verde 10%, sorbato de pot\u00e1ssio, carbonato de c\u00e1lcio, cloreto de s\u00f3dio (sal comum), cloreto de pot\u00e1ssio, vitaminas (A, E, C, D3, B1, B2, B6, B12, PP), \u00e1cido pantot\u00eanico, biotina, \u00e1cido f\u00f3lico, cloreto de colina, sulfato de ferro, sulfato de cobre, \u00f3xido de mangan\u00eas, \u00f3xido de zinco, \u00f3xido de magn\u00e9sio, iodato de c\u00e1lcio, levedura seca de cervejaria, levedura enriquecida com sel\u00eanio, cobre amino\u00e1cido quelato, mangan\u00eas amino\u00e1cido quelato, zinco amino\u00e1cido quelato, L-lisina, DL-metionina, L-carnitina, palatabilizante \u00e0 base de f\u00edgado de frango, antioxidante (BHA). * milho integral mo\u00eddo e gl\u00faten de milho geneticamente modificados por Bacillus thuringiensis, Streptomyces viridochromogenes, Agrobacterium tumefaciens, Zea mays<\/li>\n<li><b>Tipo:<\/b>\u00a0Ra\u00e7\u00f5es Secas<\/li>\n<\/ul>\n","protected":false},"excerpt":{"rendered":"<p>&#8211; Ajuda a reduzir o consumo de energia do c\u00e3o, sem diminuir a quantidade de alimento a ser fornecida;<br \/>\n&#8211;\u00a0Ajuda a alcan\u00e7ar o peso ideal atrav\u00e9s da combina\u00e7\u00e3o de altos n\u00edveis de prote\u00edna com baixos teores de gordura;<br \/>\n&#8211;\u00a0F\u00f3rmula enriquecida com fontes de fibra que contribuem com a redu\u00e7\u00e3o da sensa\u00e7\u00e3o de fome entre as refei\u00e7\u00f5es, enquanto satisfaz o apetite do c\u00e3o;<br \/>\n&#8211; Auxilia a diminuir a forma\u00e7\u00e3o de t\u00e1rtaro gra\u00e7as a agentes quelantes de c\u00e1lcio.<\/p>\n","protected":false},"featured_media":1779,"template":"","meta":[],"_links":{"self":[{"href":"https:\/\/latidosemiadosvet.com.br\/loja\/wp-json\/wp\/v2\/product\/1778"}],"collection":[{"href":"https:\/\/latidosemiadosvet.com.br\/loja\/wp-json\/wp\/v2\/product"}],"about":[{"href":"https:\/\/latidosemiadosvet.com.br\/loja\/wp-json\/wp\/v2\/types\/product"}],"version-history":[{"count":2,"href":"https:\/\/latidosemiadosvet.com.br\/loja\/wp-json\/wp\/v2\/product\/1778\/revisions"}],"predecessor-version":[{"id":1782,"href":"https:\/\/latidosemiadosvet.com.br\/loja\/wp-json\/wp\/v2\/product\/1778\/revisions\/1782"}],"wp:featuredmedia":[{"embeddable":true,"href":"https:\/\/latidosemiadosvet.com.br\/loja\/wp-json\/wp\/v2\/media\/1779"}],"wp:attachment":[{"href":"https:\/\/latidosemiadosvet.com.br\/loja\/wp-json\/wp\/v2\/media?parent=1778"}],"curies":[{"name":"wp","href":"https:\/\/api.w.org\/{rel}","templated":true}]}}